 (12 + -32 + 17)/((-9)/(-30)). Suppose -1 = -t - 0. List the prime factors of (627/6 - t) + (-5)/k.
2, 13
Let p = -83 - -103. Suppose -p*v + 457 + 1703 = 0. List the prime factors of v.
2, 3
Let c(i) = i**2 - 20*i + 40. Let r be 18/(-5 - -2)*-3. Let z be c(r). Suppose z*d - 3*p - 348 = 0, 3*d = 2*p + 2*p + 268. List the prime factors of d.
2, 3, 7
Let o = 13 - 12. What are the prime factors of 524/o + (46 - 47)?
523
Let q(c) = -4*c**3 + 4*c**2 - 3. Let z(w) = 8*w**3 - 7*w**2 - w + 5. Let o(r) = -7*q(r) - 4*z(r). List the prime factors of o(-4).
241
What are the prime factors of ((-737712)/(-27) - 62)*(18/4)/3?
103, 397
Let w(i) = i**3 - i**2 + i - 2. Let y(p) = 7*p**3 - 15*p**2 + 12*p - 24. Let r(g) = 5*w(g) - y(g). List the prime factors of r(4).
2, 3
Let v(a) = a**3 + 95*a**2 - 6*a - 1004. What are the prime factors of v(-94)?
2, 2099
Suppose 8*s = s + 6*s. Suppose s = -2*t - w + 63, 0 = 4*t - 3*w + 63 - 194. List the prime factors of t.
2
Let n(t) = -4*t - 101. Let p(s) = -5*s - 101. Let k(h) = 4*n(h) - 5*p(h). What are the prime factors of k(13)?
2, 109
Suppose -3*p - 4864 = -4*h, 2*h - 66*p = -61*p + 2418. List the prime factors of h.
23, 53
Let n(o) = -59*o + 16. Let s be n(-23). Let y = s - 572. List the prime factors of y.
3, 89
List the prime factors of (82/(-328))/(1/(-9428)).
2357
Let t = 4 + -3. Let p(x) = -23*x - 9. Let s(a) = -11*a - 5. Let c(d) = -4*p(d) + 7*s(d). What are the prime factors of c(t)?
2
Let t(a) = 3*a**2 - a - 6. Let i be t(-3). Let w = 28 - i. Suppose -j + 5*l - 271 = -5*j, -w*j - 2*l = -274. List the prime factors of j.
3, 23
Suppose 2*s + 2 = -2*l, -s - 2 - 2 = 4*l. Suppose -2*o + s*o = -3*r, 4*r = 2*o. Suppose 16 = 4*x, o = 2*p + 3*x - 8*x - 142. List the prime factors of p.
3
Suppose 3*h = -3*m - 12, h - 3 + 9 = m. Suppose -5*p = -5*f, -f + m = 5. What are the prime factors of (-150)/p*130/39?
5
Let h(y) = 92*y**2 - 119*y - 1608. What are the prime factors of h(-12)?
2, 3, 11
Suppose 5*j - 155 = -s, -j + 2*j = 3*s + 47. Let v = -26 + j. What are the prime factors of (-604)/(-12) - 8/v?
7
Let g(r) = 771*r - 11247. What are the prime factors of g(56)?
3, 29, 367
Let s = 3140 + 148. What are the prime factors of s?
2, 3, 137
Suppose 3*v - 2*v - 63 = 0. Suppose s + 2*s - 317 = -2*x, -468 = -3*x - 3*s. Let l = x - v. What are the prime factors of l?
2, 11
Suppose 84 - 28 = 4*i. Let a = i + -4. What are the prime factors of 75 - a - (3 - 2)?
2
What are the prime factors of (-2 - -29614)*5*12/120?
2, 11, 673
Let h(n) = -n**3 - 5*n**2 + 2*n + 4. Let o be h(-5). Let a be (o/(-9))/((-4)/(-6)). What are the prime factors of 2 + 55 - 0/a?
3, 19
Suppose -126 = -7*q - 49. List the prime factors of q*((8 - -17) + -5).
2, 5, 11
Let i(y) = 743*y - 1233. What are the prime factors of i(3)?
2, 3, 83
Let g(s) = -s**2 - 6*s + 4. Let r be g(2). Let d(j) = 2*j + 25. Let z be d(r). List the prime factors of 158/(0 - -1)*z.
2, 79
Let c be 74 - (-27)/(-6)*2/(-3). Suppose 7 = -2*x - c. Let i = 47 + x. List the prime factors of i.
5
Suppose 300*h = -148*h + 97*h + 3754647. What are the prime factors of h?
19, 563
Let h(a) = -4*a + 9. Let y be h(6). Let k(v) be the first derivative of -3*v**2 - 12*v + 363. What are the prime factors of k(y)?
2, 3, 13
Let s(i) = -i**2 + 2*i + 6. Let f be s(3). Suppose 697 = -f*q + 6517. List the prime factors of (1*2/(-4))/((-10)/q).
97
Suppose -12 = -3*j + 15. Let l be 24/j + (-1)/(-3). Suppose -3*g + l*f + 43 = -8, 0 = -5*f - 25. What are the prime factors of g?
2, 3
Let u = -4995 - -10243. List the prime factors of u.
2, 41
Suppose -3*p = -5*u + p + 24, 0 = -2*u - 2*p + 6. Suppose 4*n - 13 = -d, -d + u = 7. Let l(t) = 12*t - 13. List the prime factors of l(n).
5, 7
Let f(b) = b + 10. Let v be f(-13). Let d = v + 5. Suppose -t + d*j + 102 = -25, -4*t + 487 = -j. List the prime factors of t.
11
Suppose -5*b + 2995 = -1570. Suppose 4*j - 2*q = 32, 0 = -5*j - 3*q + 15 + 14. Suppose 0 = j*y - b + 129. What are the prime factors of y?
2, 7
Let g(q) = -q**3 + 13*q**2 + 11*q - 6. Let c be g(13). Let j = c + 59. List the prime factors of j.
2, 7
Let g be 3/(-5) + (3 - 864/(-40)). Suppose -g = -6*y + 24. Suppose 8*t - y = 6*t. What are the prime factors of t?
2
Let p(l) = -l + 9. Suppose -3*m + 7*m - 32 = 0. Let j be p(m). What are the prime factors of 5*((-22)/(-5))/j?
2, 11
Let l(j) = -29*j + 122. Let f be l(-15). Suppose p - 1671 = -3*u + 5*p, 0 = -u - 4*p + f. What are the prime factors of u?
557
Let w = 5 - 1. Suppose 329 - 249 = w*i. List the prime factors of 163 + i/4 + 0.
2, 3, 7
Let r be (-1 - (-27)/3)*(-10)/(-8). Let k be r/(-6)*(1 - 7). List the prime factors of ((-5)/k)/((-374)/(-376) - 1).
2, 47
Let o(d) = -26*d + 50. Let w(n) = n - 2. Let y be w(-9). Let g(k) = 77*k - 149. Let r(a) = y*o(a) - 4*g(a). List the prime factors of r(-5).
2, 3, 13
Suppose -7124 = -2*g - 2*o, 2337 = -g + 2*o + 5893. List the prime factors of g.
2, 5, 89
Let f = 3670 - 3259. What are the prime factors of f?
3, 137
Suppose -2*s = -5*g + 11, 4 = -5*s - g + 17. Suppose 0 = -7*l + s*l + t - 16, -t = -3*l - 8. What are the prime factors of (1/(-3))/(l/12)*163?
163
Let o(q) = 10*q**2 - 38*q - 202. Let g(l) = 3*l**2 - 12*l - 67. Let s(n) = 7*g(n) - 2*o(n). What are the prime factors of s(-9)?
2, 11
Let w be -8 - 602/(-77) - 72/(-33). Suppose 7*z = w*z + 2*m + 4432, 3*z - 4*m = 2662. List the prime factors of z.
2, 443
List the prime factors of 13 + 391209/(7 - -6).
2, 15053
Let m be (-3)/189*-9 + (-65582)/(-7). Suppose 74*v = 65*v + m. List the prime factors of v.
3, 347
Let w(j) = -2*j**3 - 29*j**2 + 9*j - 43. List the prime factors of w(-21).
5501
Suppose 19377980 = 531*m - 13138336. List the prime factors of m.
2, 3, 7
Let g(k) be the first derivative of 116*k**3/3 - 7*k**2 + 9*k - 222. List the prime factors of g(2).
5, 89
Suppose 220*d - 7988585 = 107855. List the prime factors of d.
2, 18401
Let r be (29*-1)/((-138)/(-161) + -1). Let m(x) = -4*x**2 + 3*x - 4. Let a be m(6). Let l = a + r. List the prime factors of l.
73
Let x = 84781 - 59276. What are the prime factors of x?
5, 5101
Let h = -98 - -159. Suppose -1245 = -2*i + 2*c - h, 4*c = -i + 602. Suppose 2*m + i = 5*m. List the prime factors of m.
2, 3, 11
Let g = 21427 + -13701. List the prime factors of g.
2, 3863
Suppose -2*q - 4 = -3*z + 7, -2*z + 2 = -4*q. Suppose 5*y + z*m - 1794 = 106, -4*y = -5*m - 1547. What are the prime factors of y?
383
Suppose -4*g - 3*h = g - 61, -3*h = -6. Let r(t) = t**2 + 5*t - 13. List the prime factors of r(g).
163
Let x be 2/((-42)/(-133)) + 2/3. Let a(s) be the first derivative of s**4/4 - 7*s**3/3 + s**2/2 + 7*s - 2. List the prime factors of a(x).
2, 7
Let s(p) = 2*p**2 - 10*p + 12. Let b be s(9). Let z be (1/(-2))/(((-18)/6)/(-354)). Let j = b + z. What are the prime factors of j?
5
Let s(w) = w + w + 5*w**2 + 4 - 7*w. Let c be s(2). Suppose c = u - 28. What are the prime factors of u?
2, 3, 7
Let p(g) = 20 + 17 + 7*g - 5 - 6. Let y be p(-4). What are the prime factors of ((-1)/y)/(913/228 - 4)?
2, 3, 19
Suppose -5*o = 3 - 13. Suppose -o*y + 0 + 4 = 0. Suppose 2*v + y*g - 61 = 275, 0 = -4*g + 8. What are the prime factors of v?
2, 83
Let k(q) = -19365*q - 2024. List the prime factors of k(-3).
47, 1193
Let s(v) = -3*v**2 - 8*v - 114. Let x be s(16). Let a = x + 1874. List the prime factors of a.
2, 3
Let a(w) = 2*w**3 + 190*w**2 + 195*w + 149. What are the prime factors of a(-92)?
32993
Let s(r) = -97*r**3 - 16*r**2 - 4*r + 18. What are the prime factors of s(-4)?
2, 41, 73
What are the prime factors of 30 + (-41888)/1394 - (-111688)/82?
2, 3, 227
Let f(l) = 36*l**3 + 2*l**2 + l + 5. Let m(z) = 72*z**3 + 4*z**2 + 2*z + 11. Let h = 44 + -57. Let n(y) = h*f(y) + 6*m(y). What are the prime factors of n(-1)?
2, 3
Suppose 6*i - 19676 = 13804. What are the prime factors of i?
2, 3, 5, 31
Let b = 358 + -270. What are the prime factors of (-4)/(-22) - (-47064)/b?
5, 107
Suppose -239571 = -62*s + 33043. What are the prime factors of s?
4397
Suppose -7*m - 4 = 3. Let x = m + 4. List the prime factors of (3130/15 - x) + (-4)/6.
5, 41
Let b(m) = -22*m + 4. Let j = -97 + 174. Let l = j - 78. What are the prime factors of b(l)?
2, 13
Let t = 111 - 237. Let z = 444 + t. What are the prime factors of z?
2, 3, 53
Suppose -2*a = -a + 615. Let 